5?
False
Does 1660 divide 28137000?
True
Is 7735492 a multiple of 115?
False
Is 1728 a factor of 234934708?
False
Is 195 a factor of 134532255?
True
Does 24 divide 746467888?
False
Is 73609595 a multiple of 3?
False
Does 163 divide 1184777733?
False
Does 5467 divide 613475614?
False
Is 294829755 a multiple of 4613?
False
Is 19 a factor of 428265885?
False
Is 646937015 a multiple of 7559?
True
Does 1161 divide 261339939?
True
Does 235 divide 11147695?
True
Is 5473 a factor of 128376406?
False
Is 507801428 a multiple of 17?
False
Is 31024477 a multiple of 11?
True
Is 85283520 a multiple of 74?
True
Is 1351 a factor of 79555005?
False
Is 123 a factor of 344483141?
False
Is 10178904 a multiple of 12?
True
Is 1982886345 a multiple of 33?
True
Is 9362655 a multiple of 519?
False
Does 306 divide 4192812?
True
Is 107 a factor of 184155154?
False
Is 365 a factor of 147494310?
True
Does 10 divide 15519850?
True
Is 2181 a factor of 110713405?
False
Does 55 divide 26357100?
True
Does 13 divide 1138385869?
False
Is 483131909 a multiple of 34?
False
Is 1602617371 a multiple of 15?
False
Is 79106843 a multiple of 1286?
False
Is 686077080 a multiple of 13?
True
Does 653 divide 89362109?
False
Is 929 a factor of 187223057?
False
Is 98 a factor of 73221670?
False
Is 15 a factor of 8645055?
True
Is 311018612 a multiple of 42?
False
Does 25 divide 6782150?
True
Is 1046 a factor of 280243251?
False
Is 1441 a factor of 12595781?
True
Is 95229653 a multiple of 163?
True
Is 339848426 a multiple of 82?
True
Is 1056 a factor of 1173264?
False
Is 874 a factor of 5875476?
False
Is 3 a factor of 408355770?
True
Is 357 a factor of 1320215344?
False
Is 9 a factor of 29938914?
True
Is 5650983 a multiple of 39?
True
Does 14 divide 95307913?
False
Is 1793549380 a multiple of 31?
False
Does 15 divide 194801907?
False
Does 1605 divide 21399280?
False
Is 540 a factor of 17982540?
True
Is 47 a factor of 2175209711?
False
Is 1160861658 a multiple of 2299?
True
Is 155493250 a multiple of 50?
True
Is 15 a factor of 10826430?
True
Is 8 a factor of 42745096?
True
Is 1537 a factor of 3210799148?
True
Does 18 divide 511092180?
True
Does 3152 divide 171172512?
True
Does 564 divide 498481248?
True
Is 14 a factor of 46186056?
True
Is 70 a factor of 6566840?
True
Is 56807673 a multiple of 39?
True
Does 10428 divide 521337432?
True
Does 39 divide 2323845?
False
Is 8277 a factor of 1563497819?
False
Is 412 a factor of 409511520?
True
Is 494881465 a multiple of 5?
True
Is 2615518160 a multiple of 185?
True
Does 258 divide 1896717444?
True
Is 1382213887 a multiple of 26?
False
Is 97 a factor of 402579516?
False
Is 311393072 a multiple of 9?
False
Is 3321 a factor of 4746190416?
False
Does 139 divide 1793400379?
True
Is 5 a factor of 1213985?
True
Is 11446778 a multiple of 14?
True
Is 109940350 a multiple of 395?
True
Is 20 a factor of 1474292240?
True
Does 7 divide 24912328?
True
Is 79 a factor of 31600711?
True
Is 66689002 a multiple of 80?
False
Does 1211 divide 72108946?
False
Is 171112351 a multiple of 406?
False
Does 76 divide 1996366722?
False
Does 10120 divide 1130670087?
False
Does 37 divide 15582598?
False
Is 96285495 a multiple of 1607?
False
Is 73746343 a multiple of 2?
False
Is 18 a factor of 3446406?
True
Is 44 a factor of 122454904?
True
Is 224437018 a multiple of 62?
False
Is 11 a factor of 55194553?
False
Is 14987130 a multiple of 53?
False
Is 1092 a factor of 1688132206?
False
Is 5 a factor of 7147113?
False
Is 6136972 a multiple of 4?
True
Does 65 divide 580958885?
True
Is 37 a factor of 6080184803?
True
Is 37 a factor of 1228955?
True
Is 79 a factor of 1645192171?
False
Is 185 a factor of 315284030?
True
Is 26 a factor of 49146416?
False
Is 295961140 a multiple of 2174?
False
Does 88 divide 2891900337?
False
Is 34851604 a multiple of 3?
False
Does 579 divide 8881860?
True
Is 307636858 a multiple of 41?
True
Is 580101511 a multiple of 6024?
False
Is 67 a factor of 13011668?
True
Is 148269460 a multiple of 116?
True
Does 41 divide 18302728?
True
Is 24741207 a multiple of 173?
False
Is 8 a factor of 389356?
False
Does 46 divide 1096735?
False
Does 20 divide 5817828758?
False
Is 111502390 a multiple of 46?
True
Does 3254 divide 10127256?
False
Does 9 divide 643289143?
False
Does 872 divide 549385496?
False
Is 2207024304 a multiple of 424?
True
Is 1088214 a multiple of 2707?
True
Is 92378561 a multiple of 17?
True
Is 2564 a factor of 417852516?
True
Is 4644554497 a multiple of 451?
True
Is 259433324 a multiple of 4?
True
Does 38 divide 6563512?
True
Is 67821874 a multiple of 34?
True
Is 35 a factor of 100676520?
True
Is 28229505 a multiple of 18?
False
Is 25037908 a multiple of 916?
False
Is 44853055 a multiple of 85?
True
Does 53 divide 41002864?
False
Is 50440429 a multiple of 6003?
False
Does 9 divide 3911912?
False
Is 1040263140 a multiple of 2220?
True
Does 475 divide 434716054?
False
Is 883667890 a multiple of 4178?
True
Is 55 a factor of 43139834?
False
Is 164 a factor of 1153740?
True
Is 25437960 a multiple of 9?
True
Is 30528665 a multiple of 433?
True
Is 435201054 a multiple of 102?
True
Is 1225794989 a multiple of 551?
False
Is 4792 a factor of 400797505?
False
Is 29154641 a multiple of 48?
False
Is 1174 a factor of 16731848?
True
Is 4772 a factor of 7953866?
False
Is 814156992 a multiple of 1881?
True
Is 188307440 a multiple of 1337?
False
Is 112 a factor of 576624720?
True
Is 5 a factor of 40278725?
True
Is 415 a factor of 7131572?
False
Is 19535450 a multiple of 110?
True
Does 1385 divide 340885944?
False
Is 103362640 a multiple of 40?
True
Does 36 divide 4707648?
True
Is 191776762 a multiple of 14?
False
Is 168813213 a multiple of 51?
True
Is 6 a factor of 10586086?
False
Is 79288885 a multiple of 911?
True
Is 4013078 a multiple of 3?
False
Does 3215 divide 336469040?
True
Does 7333 divide 274688415?
False
Is 354993466 a multiple of 58?
True
Is 785 a factor of 42713420?
True
Is 131 a factor of 358109538?
False
Is 94215936 a multiple of 1306?
False
Is 3803 a factor of 19994724?
False
Does 29 divide 2129441?
True
Is 1975 a factor of 141345330?
False
Is 155 a factor of 148442551?
False
Is 375254286 a multiple of 3918?
True
Is 192420 a multiple of 180?
True
Does 6 divide 2306196?
True
Does 5 divide 15755535?
True
Is 2448979 a multiple of 111?
False
Is 1155 a factor of 344446410?
True
Does 263 divide 1305790915?
False
Does 17 divide 65924521?
True
Does 544 divide 662831904?
True
Does 14 divide 951454?
True
Is 193779431 a multiple of 6?
False
Is 9208092 a multiple of 449?
True
Is 46 a factor of 9565693?
False
Is 6 a factor of 3722370?
True
Is 131847354 a multiple of 45?
False
Is 23 a factor of 41383643?
False
Is 32 a factor of 68983712?
True
Is 2991534 a multiple of 14?
True
Is 14 a factor of 9826266?
False
Is 1012699108 a multiple of 1412?
True
Is 176797824 a multiple of 64?
True
Is 373363683 a multiple of 219?
True
Is 180 a factor of 333204407?
False
Does 38 divide 262863822?
True
Does 486 divide 13218521?
False
Does 1933 divide 1231852575?
True
Is 25206333 a multiple of 907?
False
Is 393 a factor of 102586755?
True
Is 10 a factor of 199109825?
False
Does 21 divide 63857875?
False
Does 569 divide 469822162?
True
Does 1303 divide 51830734?
True
Is 6 a factor of 294513268?
False
Is 195 a factor of 1202914440?
True
Is 454480210 a multiple of 1205?
True
Is 31754246 a multiple of 27?
False
Is 982422328 a multiple of 2476?
True
Is 3 a factor of 1995593?
False
Is 57 a factor of 10993249?
False
Does 699 divide 10157954?
False
Does 39 divide 1338269719?
False
Does 1131 divide 8315230?
False
Is 41553267 a multiple of 6?
False
Does 1427 divide 2802628?
True
Is 58 a factor of 1636228889?
False
Does 4199 divide 659776273?
True
Is 3672200 a multiple of 3?
False
Is 181377268 a multiple of 19?
True
Is 21 a factor of 1243782561?
True
Does 5343 divide 30140255?
False
Is 180 a factor of 12497220?
True
Is 2229382 a multiple of 168?
False
Does 680 divide 344951760?
True
Is 59 a factor of 30938319?
False
Does 783 divide 17391318?
False
Is 895 a factor of 366074690?
True
Is 121 a factor of 17855244?
True
Is 64172737 a multiple of 29?
True
Is 15 a factor of 1783635045?
True
Is 1075 a factor of 115237850?
True
Does 1403 divide 1495354052?
False
Is 10 a factor of 34326714?
False
Is 53936820 